common factor of 702528 and 704?
64
Calculate the highest common factor of 2992 and 18388.
4
What is the highest common divisor of 197656 and 1146086?
1594
Calculate the highest common factor of 76 and 6016484.
4
Calculate the greatest common factor of 39598333 and 5822.
2911
Calculate the highest common factor of 160060 and 17818.
302
Calculate the highest common divisor of 165 and 86359977.
33
Calculate the highest common divisor of 3305 and 2023744040.
3305
What is the highest common factor of 2368 and 106798784?
64
What is the greatest common factor of 362008374 and 234?
78
What is the greatest common divisor of 72495633 and 8296?
1037
What is the highest common divisor of 16446036 and 24?
12
Calculate the highest common divisor of 14404 and 116428.
52
What is the highest common factor of 385280 and 2520?
280
Calculate the highest common factor of 94763 and 118309.
193
What is the highest common factor of 639 and 74826?
9
Calculate the highest common divisor of 204905 and 1035.
5
What is the greatest common divisor of 1262 and 134038913?
631
Calculate the highest common divisor of 663642074 and 733.
733
Calculate the greatest common factor of 1056 and 3192414.
6
Calculate the greatest common factor of 615992 and 2600.
104
What is the highest common factor of 146094 and 12155?
13
Calculate the greatest common divisor of 914 and 9530.
2
Calculate the highest common factor of 7953030 and 180.
90
What is the greatest common factor of 806 and 436878?
26
What is the greatest common divisor of 1545896 and 220?
44
What is the greatest common divisor of 2395170 and 94770?
810
What is the greatest common factor of 110756426 and 5450?
218
Calculate the greatest common factor of 63651275 and 10.
5
What is the highest common divisor of 1694368 and 356512?
416
What is the greatest common divisor of 99673 and 6437501?
3437
Calculate the highest common divisor of 185706 and 253038.
1086
Calculate the greatest common divisor of 20505170 and 12985.
1855
Calculate the highest common factor of 11925 and 1331095.
265
Calculate the greatest common divisor of 4 and 138665764.
4
What is the highest common factor of 67322424 and 18800?
376
Calculate the greatest common divisor of 19 and 553196191.
19
Calculate the greatest common divisor of 252374 and 49858.
514
What is the greatest common factor of 360 and 46418040?
360
Calculate the greatest common factor of 6318 and 415857.
39
What is the highest common factor of 69201 and 2851794?
297
What is the greatest common factor of 93544 and 35631760?
8504
What is the highest common factor of 102934456 and 3944?
3944
Calculate the highest common factor of 1933 and 79351583.
1933
Calculate the highest common divisor of 44244 and 19224.
36
Calculate the greatest common divisor of 110695 and 18209.
131
What is the greatest common divisor of 186 and 914034?
6
Calculate the highest common factor of 5433 and 948.
3
Calculate the highest common divisor of 2450 and 233650.
50
Calculate the greatest common divisor of 21024978 and 103.
103
What is the greatest common divisor of 205440 and 2403220?
2140
What is the highest common factor of 5853372 and 43316?
476
What is the highest common factor of 2228 and 141507521?
557
What is the greatest common factor of 162462 and 114?
6
What is the greatest common divisor of 1722 and 7235967?
123
Calculate the highest common factor of 168 and 33101628.
84
What is the greatest common divisor of 48256 and 3212794?
754
What is the greatest common factor of 504 and 2393832?
168
What is the highest common divisor of 64814827 and 1309?
77
Calculate the highest common divisor of 1953 and 74473.
7
What is the greatest common divisor of 163709 and 338?
13
What is the greatest common divisor of 2077114 and 247?
13
Calculate the highest common divisor of 110 and 2292664.
22
What is the highest common divisor of 367811766 and 1806?
1806
Calculate the greatest common factor of 34167 and 24444.
21
Calculate the highest common factor of 317330 and 13647631.
2441
Calculate the highest common factor of 2136 and 165.
3
Calculate the highest common factor of 101300495 and 110580.
9215
Calculate the highest common factor of 1153507 and 1962889.
2753
What is the greatest common factor of 22532622 and 63?
21
What is the greatest common divisor of 618628 and 5452?
116
Calculate the greatest common factor of 6213113 and 21328.
1333
Calculate the highest common factor of 27599 and 1648959.
13
What is the greatest common divisor of 251807 and 4826?
19
Calculate the highest common factor of 9288243 and 6945.
1389
What is the highest common divisor of 389 and 33931303?
389
What is the greatest common factor of 2774966 and 5142?
1714
Calculate the highest common factor of 7684 and 44436120.
452
What is the greatest common divisor of 17402650 and 85?
5
What is the greatest common factor of 362053020 and 21?
21
Calculate the highest common divisor of 497992 and 584.
8
Calculate the highest common divisor of 260 and 10841844.
52
Calculate the greatest common factor of 1503634 and 343402.
3334
Calculate the greatest common divisor of 96604400 and 50.
50
What is the greatest common divisor of 362 and 9811286?
362
What is the greatest common factor of 10 and 13710035?
5
Calculate the highest common factor of 1451 and 250647191.
1451
What is the greatest common factor of 5881403 and 11165?
319
Calculate the greatest common factor of 3096 and 75570264.
3096
Calculate the greatest common factor of 91556280 and 165.
15
Calculate the greatest common divisor of 50076540 and 555.
555
What is the greatest common factor of 2776 and 3515110?
694
What is the highest common divisor of 93500 and 2380?
340
What is the greatest common factor of 186277 and 749?
7
Calculate the greatest common factor of 88680 and 20114841.
2217
Calculate the greatest common factor of 76175 and 3190550.
275
What is the greatest common divisor of 57 and 19909587?
57
What is the greatest common factor of 796 and 839923877?
199
Calculate the greatest common divisor of 11840390 and 3280.
410
Calculate the highest common factor of 37509 and 123.
3
What is the greatest common divisor of 15228 and 1708236?
108
Calculate the highest common factor of 283875 and 868279.
757
Calculate the greatest common divisor of 2247348 and 830768.
548
Calculate the greatest common factor of 385773757 and 4157.
4157
What is the highest common divisor of 1081666 and 202386?
758
What is the greatest common divisor of 194 and 354418018?
194
Calculate the greatest common divisor of 4607785 and 2255.
205
What is the highest common divisor of 11397332 and 848?
212
Calculate the highest common divisor of 469125540 and 36.
36
Calculate the highest common factor of 834887 and 18157.
67
Calculate the highest common divisor of 736165 and 282605.
145
Calculate the greatest common factor of 12913312 and 12768.
608
What is the highest common factor of 25 and 212787275?
25
Calculate the greatest common divisor of 3306719 and 19097.
1469
Calculate the greatest common divisor of 5680 and 776240.
80
Calculate the highest common factor of 53295172 and 1652.
1652
What is the greatest common divisor of 3913 and 44694286?
3913
Calculate the greatest common divisor of 21005658 and 3768.
942
Calculate the greatest common divisor of 44586480 and 109520.
2960
What is the highest common divisor of 1460 and 111402380?
1460
Calculate the highest common factor of 18 and 723016.
2
What is the highest common divisor of 160636 and 12999?
7
Calculate the greatest common factor of 54 and 186945003.
27
What is the greatest common factor of 7928358 and 73644?
1938
Calculate the highest common factor of 32696454 and 56.
14
Calculate the highest common divisor of 52800463 and 2283.
761
Calculate the greatest common factor of 6 and 21153309.
3
What is the greatest common factor of 574 and 1855004?
82
What is the greatest common divisor of 710 and 3251770?
10
Calculate the highest common divisor of 289176473 and 547.
547
Calculate the greatest common factor of 19693 and 15087.
47
Calculate the greatest common divisor of 10368 and 15634272.
96
What is the greatest common divisor of 7581 and 181716?
57
Calculate the greatest common factor of 33189 and 1245309.
1443
Calculate the greatest common divisor of 84 and 448828.
